{"id":445,"date":"2023-09-29T18:26:56","date_gmt":"2023-09-29T15:26:56","guid":{"rendered":"https:\/\/bitdefender.com.tr\/store\/?post_type=product&#038;p=445"},"modified":"2026-01-23T14:57:38","modified_gmt":"2026-01-23T11:57:38","slug":"bitdefender-total-security","status":"publish","type":"product","link":"https:\/\/bitdefender.com.tr\/store\/product\/bitdefender-total-security\/","title":{"rendered":"Bitdefender Total Security"},"content":{"rendered":"<p><strong>Bitdefender Total Security<\/strong><\/p>\n<p><strong>Ba\u011f\u0131ms\u0131z testlerde geli\u015fmi\u015f sald\u0131r\u0131lara kar\u015f\u0131 lider anti-malware \u00e7\u00f6z\u00fcm\u00fc.<\/strong><\/p>\n<ul>\n<li>Windows, macOS iOS ve Android i\u00e7in Tam Koruma<\/li>\n<li>Fidye yaz\u0131l\u0131m\u0131 d\u00fczeltmesi ile \u00e7ok katmanl\u0131 fidye yaz\u0131l\u0131m\u0131 korumas\u0131<\/li>\n<li>A\u011f Tehdidini \u00d6nleme \u00f6zelli\u011fi ile sald\u0131r\u0131lar\u0131 size ula\u015fmadan durdurur<\/li>\n<li>200MB\/g\u00fcn\/cihaz s\u00fcper g\u00fcvenli Bitdefender VPN trafi\u011fi<\/li>\n<li>Bitdefender g\u00fcvenlik yaz\u0131l\u0131m\u0131, sisteminizin performans\u0131ndan \u00f6d\u00fcn vermeden k\u00f6t\u00fc ama\u00e7l\u0131 yaz\u0131l\u0131mlara an\u0131nda tepki verir.<\/li>\n<li>\u00c7evrimi\u00e7i gizlili\u011finizi ve ki\u015fisel bilgilerinizi korur.<\/li>\n<\/ul>\n<p><strong>T\u00fcm aileniz i\u00e7in koruma &#8211; Ebeveyn Kontrol\u00fc<\/strong><\/p>\n<ul>\n<li>Ebeveynlere dijital yard\u0131m ve \u00e7ocuklara ekstra \u00e7evrimi\u00e7i g\u00fcvenlik sunar.<\/li>\n<li>\u00c7ocuklar\u0131n\u0131z\u0131n dijital ortamda ne kadar s\u00fcre durmas\u0131 gerekti\u011fine siz karar verin.<\/li>\n<li>Taray\u0131c\u0131n\u0131z\u0131 \u00e7ocuklar\u0131n\u0131z i\u00e7in g\u00fcvenli hale getirin ve uygunsuz i\u00e7erikten uzak tutun.<\/li>\n<li>G\u00fcvenilir ki\u015filerin \u00e7ocuklar\u0131n\u0131z\u0131 aramas\u0131na izin verip \u00c7a\u011fr\u0131 Bilgisi olmayan ki\u015filerin aramalar\u0131n\u0131 engelleyin.<\/li>\n<li>GPS izlemeli bir mobil cihaz kullan\u0131rken \u00e7ocuklar\u0131n\u0131z\u0131n nerede oldu\u011funu her zaman bilin.<\/li>\n<\/ul>\n<p><strong>Bitdefender TOTAL SECURITY Sistem Gereksinimleri<\/strong><\/p>\n<p><strong>Windows<\/strong><\/p>\n<p>\u0130\u015fletim Sistemi: Service Pack 1 ile Windows 7, Windows 8.1, Windows 10 ve Windows 11, Bellek (RAM): 2 GB, Kullan\u0131labilir bo\u015f sabit disk alan\u0131: 2.5 GB bo\u015f alan * Eski nesil CPU&#8217;lara sahip cihazlarda sistem performans\u0131 etkilenebilir. Yaz\u0131l\u0131m Greksinimleri: Internet Explorer s\u00fcr\u00fcm 11<strong><br \/>\n<\/strong><\/p>\n<p><strong>macOS<\/strong><\/p>\n<p>\u0130\u015fletim Sistemi: macOS X Yosemite (10.10) veya \u00fcst\u00fc, Kullan\u0131labilir bo\u015f sabit disk alan\u0131: 1 GB bo\u015f alan, Desteklenen Taray\u0131c\u0131lar: Safari, Firefox, Google Chrome *Bitdefender VPN&#8217;i yaln\u0131zca macOS Sierra (10.12 veya \u00fcst\u00fc) y\u00fckl\u00fc cihazlara y\u00fckleyebilirsiniz.<\/p>\n<p><strong>iOS<\/strong><\/p>\n<p>\u0130\u015fletim Sistemi: iOS 11.2 veya \u00fcst\u00fc, Etkin bir internet ba\u011flant\u0131s\u0131<\/p>\n<p><strong>Android<\/strong><\/p>\n<p>\u0130\u015fletim Sistemi: Android 5.0 veya \u00fcst\u00fc, Doland\u0131r\u0131c\u0131l\u0131k Uyar\u0131s\u0131 ve Uygulama Anomali Tespiti Android 6 veya \u00fcst\u00fc gerektirir. Etkin bir internet ba\u011flant\u0131s\u0131<\/p>\n","protected":false},"excerpt":{"rendered":"<p>Bitdefender Total Security Ba\u011f\u0131ms\u0131z testlerde geli\u015fmi\u015f sald\u0131r\u0131lara kar\u015f\u0131 lider anti-malware \u00e7\u00f6z\u00fcm\u00fc. Windows, macOS iOS ve Android i\u00e7in Tam Koruma Fidye yaz\u0131l\u0131m\u0131 d\u00fczeltmesi ile \u00e7ok katmanl\u0131 fidye yaz\u0131l\u0131m\u0131 korumas\u0131 A\u011f Tehdidini \u00d6nleme \u00f6zelli\u011fi ile sald\u0131r\u0131lar\u0131 size ula\u015fmadan durdurur 200MB\/g\u00fcn\/cihaz s\u00fcper g\u00fcvenli Bitdefender VPN trafi\u011fi Bitdefender g\u00fcvenlik yaz\u0131l\u0131m\u0131, sisteminizin performans\u0131ndan \u00f6d\u00fcn vermeden k\u00f6t\u00fc ama\u00e7l\u0131 yaz\u0131l\u0131mlara an\u0131nda tepki [&hellip;]<\/p>\n","protected":false},"featured_media":212,"comment_status":"open","ping_status":"closed","template":"","meta":[],"product_brand":[],"product_cat":[70],"product_tag":[],"class_list":{"0":"post-445","1":"product","2":"type-product","3":"status-publish","4":"has-post-thumbnail","6":"product_cat-bireysel-antivirus","8":"first","9":"instock","10":"sale","11":"taxable","12":"shipping-taxable","13":"purchasable","14":"product-type-variable","15":"has-default-attributes"},"_links":{"self":[{"href":"https:\/\/bitdefender.com.tr\/store\/wp-json\/wp\/v2\/product\/445","targetHints":{"allow":["GET"]}}],"collection":[{"href":"https:\/\/bitdefender.com.tr\/store\/wp-json\/wp\/v2\/product"}],"about":[{"href":"https:\/\/bitdefender.com.tr\/store\/wp-json\/wp\/v2\/types\/product"}],"replies":[{"embeddable":true,"href":"https:\/\/bitdefender.com.tr\/store\/wp-json\/wp\/v2\/comments?post=445"}],"wp:featuredmedia":[{"embeddable":true,"href":"https:\/\/bitdefender.com.tr\/store\/wp-json\/wp\/v2\/media\/212"}],"wp:attachment":[{"href":"https:\/\/bitdefender.com.tr\/store\/wp-json\/wp\/v2\/media?parent=445"}],"wp:term":[{"taxonomy":"product_brand","embeddable":true,"href":"https:\/\/bitdefender.com.tr\/store\/wp-json\/wp\/v2\/product_brand?post=445"},{"taxonomy":"product_cat","embeddable":true,"href":"https:\/\/bitdefender.com.tr\/store\/wp-json\/wp\/v2\/product_cat?post=445"},{"taxonomy":"product_tag","embeddable":true,"href":"https:\/\/bitdefender.com.tr\/store\/wp-json\/wp\/v2\/product_tag?post=445"}],"curies":[{"name":"wp","href":"https:\/\/api.w.org\/{rel}","templated":true}]}}